{"articles":[{"classes":["outercol"],"isFavourite":false,"isExternalUrl":{"articleLink":false},"articleListButtonsData":{"buttonsList":[{"label":"Les mer","url":"\/aktivitetervf\/?Article=91","type":"readmore"},{"label":"Les mer!","url":"https:\/\/www.aldersvennlig.no\/aktuelt\/bli-med-pa-generasjonslekene-2025","type":"booking"}],"mode":"default"},"favouriteType":null,"mnu":null,"section":null,"displayId":true,"docId":91,"identifier":"91Article","docType":"Article","customDate":false,"teaserData":{"teaserText":"2025","mode":"default"},"content":{"teaser":"2025","intro":"30.august 2025\r\nkl. 12-15\r\nUtenfor Kulturfabrikken p\u00e5 Sortland"},"titles":{"main":"Generasjonslekene","readMoreButton":"Les mer"},"urls":{"readMore":"\/aktivitetervf\/?Article=91","booking":"https:\/\/www.aldersvennlig.no\/aktuelt\/bli-med-pa-generasjonslekene-2025"},"created":{"date":"16.08.2016","time":"09:04","timestamp":1471331040},"introAllowHtml":false,"hasTicket":false,"extra":null,"hasReadMore":true,"media":{"imageData":{"path":"\/sites\/f\/friluftsrad.vestreg.no\/files\/d7s_4953-1-1024x684.jpg","width":1024,"height":684,"aspectRatio":1.4970760233918128},"previewImageUrl":"\/sites\/f\/friluftsrad.vestreg.no\/files\/d7s_4953-1-1024x684.jpg?cropToFit=100x59&quality=50","imageVariants":[{"path":"\/sites\/f\/friluftsrad.vestreg.no\/files\/d7s_4953-1-1024x684.jpg?cropToFit=100x59&quality=75","width":100,"height":59,"aspectRatio":1.694915254237288},{"path":"\/sites\/f\/friluftsrad.vestreg.no\/files\/d7s_4953-1-1024x684.jpg?cropToFit=200x118&quality=75","width":200,"height":118,"aspectRatio":1.694915254237288},{"path":"\/sites\/f\/friluftsrad.vestreg.no\/files\/d7s_4953-1-1024x684.jpg?cropToFit=400x235&quality=75","width":400,"height":235,"aspectRatio":1.702127659574468},{"path":"\/sites\/f\/friluftsrad.vestreg.no\/files\/d7s_4953-1-1024x684.jpg?cropToFit=600x353&quality=75","width":600,"height":353,"aspectRatio":1.6997167138810199},{"path":"\/sites\/f\/friluftsrad.vestreg.no\/files\/d7s_4953-1-1024x684.jpg?cropToFit=800x471&quality=75","width":800,"height":471,"aspectRatio":1.6985138004246285},{"path":"\/sites\/f\/friluftsrad.vestreg.no\/files\/d7s_4953-1-1024x684.jpg?cropToFit=1000x588&quality=75","width":1000,"height":588,"aspectRatio":1.7006802721088434},{"path":"\/sites\/f\/friluftsrad.vestreg.no\/files\/d7s_4953-1-1024x684.jpg?cropToFit=1200x706&quality=75","width":1024,"height":602,"aspectRatio":1.7009966777408638}],"image":"\/sites\/f\/friluftsrad.vestreg.no\/files\/d7s_4953-1-1024x684.jpg","aspect":1.694915254237288,"type":"image","description":"Generasjonslekene"},"additionalData":[]},{"classes":["outercol"],"isFavourite":false,"isExternalUrl":{"articleLink":false},"articleListButtonsData":{"buttonsList":[{"label":"Les mer","url":"\/aktivitetervf\/?Article=322","type":"readmore"},{"label":"Meld deg p\u00e5 her","url":"https:\/\/www.letsreg.com\/no\/event\/pust-strekk-i-hadsel#init","type":"booking"}],"mode":"default"},"favouriteType":null,"mnu":null,"section":null,"displayId":true,"docId":322,"identifier":"322Article","docType":"Article","customDate":false,"teaserData":{"teaserText":"2024","mode":"default"},"content":{"teaser":"2024","intro":"Savner du et aktivt fritidstilbud p\u00e5 dagtid?\r\n\r\nLiv Skrudland og Vester\u00e5len friluftsr\u00e5d samarbeider om prosjektet Pust & Strekk i naturen.\r\nVi \u00f8nsker \u00e5 invitere deg som er hjemme p\u00e5 dagtid og \u00f8nsker \u00e5 komme i gang med et litt mer sosialt og aktivt liv. \r\n"},"titles":{"main":"Pust&Strekk - I naturen i Hadsel.","readMoreButton":"Les mer"},"urls":{"readMore":"\/aktivitetervf\/?Article=322","booking":"https:\/\/www.letsreg.com\/no\/event\/pust-strekk-i-hadsel#init"},"created":{"date":"01.09.2023","time":"11:14","timestamp":1693559640},"introAllowHtml":false,"hasTicket":false,"extra":null,"hasReadMore":true,"media":{"imageData":{"path":"\/sites\/f\/friluftsrad.vestreg.no\/files\/2024\/04\/20231009_100957.jpg","width":2736,"height":3648,"aspectRatio":0.75},"previewImageUrl":"\/sites\/f\/friluftsrad.vestreg.no\/files\/2024\/04\/20231009_100957.jpg?cropToFit=100x59&quality=50","imageVariants":[{"path":"\/sites\/f\/friluftsrad.vestreg.no\/files\/2024\/04\/20231009_100957.jpg?cropToFit=100x59&quality=75","width":100,"height":59,"aspectRatio":1.694915254237288},{"path":"\/sites\/f\/friluftsrad.vestreg.no\/files\/2024\/04\/20231009_100957.jpg?cropToFit=200x118&quality=75","width":200,"height":118,"aspectRatio":1.694915254237288},{"path":"\/sites\/f\/friluftsrad.vestreg.no\/files\/2024\/04\/20231009_100957.jpg?cropToFit=400x235&quality=75","width":400,"height":235,"aspectRatio":1.702127659574468},{"path":"\/sites\/f\/friluftsrad.vestreg.no\/files\/2024\/04\/20231009_100957.jpg?cropToFit=600x353&quality=75","width":600,"height":353,"aspectRatio":1.6997167138810199},{"path":"\/sites\/f\/friluftsrad.vestreg.no\/files\/2024\/04\/20231009_100957.jpg?cropToFit=800x471&quality=75","width":800,"height":471,"aspectRatio":1.6985138004246285},{"path":"\/sites\/f\/friluftsrad.vestreg.no\/files\/2024\/04\/20231009_100957.jpg?cropToFit=1000x588&quality=75","width":1000,"height":588,"aspectRatio":1.7006802721088434},{"path":"\/sites\/f\/friluftsrad.vestreg.no\/files\/2024\/04\/20231009_100957.jpg?cropToFit=1200x706&quality=75","width":1200,"height":706,"aspectRatio":1.6997167138810199}],"image":"\/sites\/f\/friluftsrad.vestreg.no\/files\/2024\/04\/20231009_100957.jpg","aspect":1.694915254237288,"type":"image","description":null},"additionalData":[]},{"classes":["outercol"],"isFavourite":false,"isExternalUrl":{"articleLink":false},"articleListButtonsData":{"buttonsList":[{"label":"Les mer","url":"Les mer","type":"readmore"},{"label":"Les mer","url":"https:\/\/friluftsskolen.no\/","type":"booking"}],"mode":"default"},"favouriteType":null,"mnu":null,"section":null,"displayId":true,"docId":145,"identifier":"145Article","docType":"Article","customDate":false,"teaserData":{"teaserText":"P\u00e5melding fra 6. mai 2025","mode":"default"},"content":{"teaser":"P\u00e5melding fra 6. mai 2025","intro":"Friluftsskole for barn 10-13 \u00e5r"},"titles":{"main":"FRILUFTSSKOLEN sommeren 2025","readMoreButton":"Les mer"},"urls":{"readMore":"Les mer","booking":"https:\/\/friluftsskolen.no\/"},"created":{"date":"16.01.2017","time":"09:57","timestamp":1484557020},"introAllowHtml":false,"hasTicket":false,"extra":null,"hasReadMore":true,"media":{"imageData":{"path":"\/sites\/f\/friluftsrad.vestreg.no\/files\/fs_3.jpg","width":640,"height":480,"aspectRatio":1.3333333333333333},"previewImageUrl":"\/sites\/f\/friluftsrad.vestreg.no\/files\/fs_3.jpg?cropToFit=100x59&quality=50","imageVariants":[{"path":"\/sites\/f\/friluftsrad.vestreg.no\/files\/fs_3.jpg?cropToFit=100x59&quality=75","width":100,"height":59,"aspectRatio":1.694915254237288},{"path":"\/sites\/f\/friluftsrad.vestreg.no\/files\/fs_3.jpg?cropToFit=200x118&quality=75","width":200,"height":118,"aspectRatio":1.694915254237288},{"path":"\/sites\/f\/friluftsrad.vestreg.no\/files\/fs_3.jpg?cropToFit=400x235&quality=75","width":400,"height":235,"aspectRatio":1.702127659574468},{"path":"\/sites\/f\/friluftsrad.vestreg.no\/files\/fs_3.jpg?cropToFit=600x353&quality=75","width":600,"height":353,"aspectRatio":1.6997167138810199},{"path":"\/sites\/f\/friluftsrad.vestreg.no\/files\/fs_3.jpg?cropToFit=800x471&quality=75","width":640,"height":377,"aspectRatio":1.6976127320954908},{"path":"\/sites\/f\/friluftsrad.vestreg.no\/files\/fs_3.jpg?cropToFit=1000x588&quality=75","width":640,"height":376,"aspectRatio":1.702127659574468},{"path":"\/sites\/f\/friluftsrad.vestreg.no\/files\/fs_3.jpg?cropToFit=1200x706&quality=75","width":640,"height":377,"aspectRatio":1.6976127320954908}],"image":"\/sites\/f\/friluftsrad.vestreg.no\/files\/fs_3.jpg","aspect":1.694915254237288,"type":"image","description":null},"additionalData":[]},{"classes":["outercol"],"isFavourite":false,"isExternalUrl":{"articleLink":false},"articleListButtonsData":{"buttonsList":[{"label":"Les mer","url":"\/aktivitetervf\/?Article=152","type":"readmore"}],"mode":"default"},"favouriteType":null,"mnu":null,"section":null,"displayId":true,"docId":152,"identifier":"152Article","docType":"Article","customDate":false,"teaserData":{"teaserText":"9.juni","mode":"default"},"content":{"teaser":"9.juni","intro":"9.juni tok vi med 15 ukrainske ungdommer p\u00e5 tur til Trollfjorden."},"titles":{"main":"Friluft for minoritetsungdom!","readMoreButton":"Les mer"},"urls":{"readMore":"\/aktivitetervf\/?Article=152","booking":null},"created":{"date":"16.01.2017","time":"11:58","timestamp":1484564280},"introAllowHtml":false,"hasTicket":false,"extra":null,"hasReadMore":true,"media":{"imageData":{"path":"\/sites\/f\/friluftsrad.vestreg.no\/files\/bilde_2.jpg","width":259,"height":194,"aspectRatio":1.3350515463917525},"previewImageUrl":"\/sites\/f\/friluftsrad.vestreg.no\/files\/bilde_2.jpg?cropToFit=100x59&quality=50","imageVariants":[{"path":"\/sites\/f\/friluftsrad.vestreg.no\/files\/bilde_2.jpg?cropToFit=100x59&quality=75","width":100,"height":59,"aspectRatio":1.694915254237288},{"path":"\/sites\/f\/friluftsrad.vestreg.no\/files\/bilde_2.jpg?cropToFit=200x118&quality=75","width":200,"height":118,"aspectRatio":1.694915254237288},{"path":"\/sites\/f\/friluftsrad.vestreg.no\/files\/bilde_2.jpg?cropToFit=400x235&quality=75","width":259,"height":152,"aspectRatio":1.7039473684210527},{"path":"\/sites\/f\/friluftsrad.vestreg.no\/files\/bilde_2.jpg?cropToFit=600x353&quality=75","width":259,"height":152,"aspectRatio":1.7039473684210527},{"path":"\/sites\/f\/friluftsrad.vestreg.no\/files\/bilde_2.jpg?cropToFit=800x471&quality=75","width":259,"height":152,"aspectRatio":1.7039473684210527},{"path":"\/sites\/f\/friluftsrad.vestreg.no\/files\/bilde_2.jpg?cropToFit=1000x588&quality=75","width":259,"height":152,"aspectRatio":1.7039473684210527},{"path":"\/sites\/f\/friluftsrad.vestreg.no\/files\/bilde_2.jpg?cropToFit=1200x706&quality=75","width":259,"height":152,"aspectRatio":1.7039473684210527}],"image":"\/sites\/f\/friluftsrad.vestreg.no\/files\/bilde_2.jpg","aspect":1.694915254237288,"type":"image","description":null},"additionalData":[]}],"pages":[1],"currentPage":1,"sections":[]}

30.august 2025
kl. 12-15
Utenfor Kulturfabrikken på Sortland

Meld deg på her

Savner du et aktivt fritidstilbud på dagtid?

Liv Skrudland og Vesterålen friluftsråd samarbeider om prosjektet Pust & Strekk i naturen.
Vi ønsker å invitere deg som er hjemme på dagtid og ønsker å komme i gang med et litt mer sosialt og aktivt liv.

Påmelding fra 6. mai 2025

Friluftsskole for barn 10-13 år

9.juni tok vi med 15 ukrainske ungdommer på tur til Trollfjorden.
